actors of m.
2, 5, 31
Let f be (-84)/(-10) + (-4)/10. Let s(q) = 5*q**3 - 3*q**2 - 89*q + 91. Let y be s(1). List the prime factors of (f/y)/6*213.
71
Let o(z) = -z**3 - 3*z**2 + 71*z + 1457. What are the prime factors of o(-16)?
41, 89
Suppose -6*i - 21 + 39 = 0. What are the prime factors of (i/2)/(18/3972)?
331
Let m(x) = 157*x**3 - 4*x**2 - 397*x + 2827. List the prime factors of m(7).
3, 13, 17
List the prime factors of 1218/261 - 23142/(-9).
2, 7, 23
Let o = -219 - -122. Let w = -13 - o. What are the prime factors of w?
2, 3, 7
Suppose -4*l - 65*y + 66*y = -181885, -l + 45469 = 2*y. List the prime factors of l.
3, 23, 659
Let w be 0 + (7/(-28) - 318/8). List the prime factors of 7101/24 - 5/w.
2, 37
Let v(q) = 21*q**2 - 5*q - 43. What are the prime factors of v(33)?
17, 31, 43
Let z = -126 + 132. List the prime factors of 9/z*-10*(-420)/14.
2, 3, 5
What are the prime factors of 1 - 6 - (8 + -580)?
3, 7
Let s(t) = -416*t**3 + 3*t**2 + 6*t - 5. Let k(o) = 833*o**3 - 6*o**2 - 11*o + 9. Let z(u) = -4*k(u) - 7*s(u). List the prime factors of z(-1).
2, 3, 5, 7
Suppose -c + 3*c - 40360 = -5*v, 0 = 2*v + c - 16143. Suppose -18*b + 7*b = -v. What are the prime factors of b?
2, 367
Let q(c) = -10*c - 134. Let x be q(-29). Let b = x - -116. What are the prime factors of b?
2, 17
Suppose -d + 1 = -20*g + 24*g, 4*d = -3*g + 17. Suppose 11*c = 2*p + 7*c - 400, -5*p + 995 = -d*c. List the prime factors of p.
2, 3, 11
Suppose -13*c - 9760 = -7*c - 11*c. What are the prime factors of c?
2, 61
Let u(x) = -25*x**3 + 12*x**2 + 11*x + 2. Suppose 0 = 4*v + 2*q - 12 + 14, -2*v + q = 11. What are the prime factors of u(v)?
2, 47
Let x(j) = j**3 + 3*j**2 + 5*j + 5. Let u(h) = -2*h**3 - 3*h**2 - 2*h**2 - 5 - 6*h + h**2. Let f(p) = -3*u(p) - 4*x(p). List the prime factors of f(3).
43
Let p = 25446 - 15867. List the prime factors of p.
3, 31, 103
Let r = 84 - 81. Let q be ((-150)/(-4))/r*(3 + 1). What are the prime factors of (99/117 - 4/(-26)) + q?
3, 17
Let h(g) = 135*g**2 + 7*g - 6. Let l be h(3). Let j = -340 + l. Suppose -4*x = -5*t + j, -t - 2*x - 2*x + 154 = 0. What are the prime factors of t?
2, 3, 29
Suppose -40*q - 39*q + 327222 = -30*q. List the prime factors of q.
2, 3, 7, 53
Let q = 203232 + -133717. What are the prime factors of q?
5, 13903
Let d = 50 - 49. Let y be d/4*(29 - 25). What are the prime factors of 140 + 9 + (y - 2)*3?
2, 73
Let x(f) = -176*f + 1768. List the prime factors of x(-82).
2, 3, 5
List the prime factors of 52518 - (-14 - (-19 - 5)).
2, 13127
Suppose 5*c = 2*n + 29 + 1, 27 = 4*c - n. Suppose 0 = c*o - 6*o + p - 1681, 0 = 4*o - 2*p - 3366. List the prime factors of o.
29
Let x(t) be the third derivative of t**5/20 - 3*t**4/8 - 15*t**3/2 + 22*t**2. What are the prime factors of x(-7)?
3, 5, 11
Let z be 3*(-2 - (-3)/3). Let j(w) = w + 10. Let i be j(z). Let x(l) = -l**3 + 8*l**2 + 2*l - 1. List the prime factors of x(i).
2, 31
Let a = 21 + 50. Let v = 81 + a. Suppose 22*s - 23*s = -v. List the prime factors of s.
2, 19
Suppose 0 = 2*a - 4*l - 21064, 167*l = 162*l + 30. List the prime factors of a.
2, 659
Let x be (-24)/(-14) + (-17)/((-833)/14). Suppose x*y = -2*c + 22, 2*c + 2*c - 4*y - 28 = 0. What are the prime factors of c?
3
Let v(w) = -w**3 - 18*w**2 + 43*w - 11. Let x be v(-21). Let i = x + -262. List the prime factors of i.
3, 7
Let c = -89 + 91. List the prime factors of 568/36*-3*(-3)/c.
71
Let b(c) = 3*c + 10. Let l be b(4). Let y = -19 + l. Suppose -y*f = -4*g - 0*g - 206, -3*f + 211 = g. What are the prime factors of f?
2, 5, 7
Suppose -4 = -4*v - 4. Let u be (v/(-1) + (0 - 19))*-3. Let x = -21 + u. List the prime factors of x.
2, 3
Let w(k) = 152*k**3 - 5*k**2 - 8*k - 38. List the prime factors of w(6).
2, 19, 857
Let i = 57 + 11. Let q = i + -28. List the prime factors of q.
2, 5
Let p(o) = -3*o**3 - 4*o**2 + 2*o**3 + 0*o**3 + 27*o + 10 - 22*o. Let z be p(-4). Let d = -6 - z. List the prime factors of d.
2
Let d(n) = 95*n**2 - 7*n - 6. Suppose -8*a = 12*a + 20. What are the prime factors of d(a)?
2, 3
Let m = 6684 - -25385. What are the prime factors of m?
32069
Suppose 23*h - 24177 - 985 = 0. Let d = h + 220. List the prime factors of d.
2, 3, 73
Suppose -2*g - 38 = 3*r + r, -4*g = 5*r + 85. Let l = g - -34. Let j(n) = n**2 - 9*n + 18. What are the prime factors of j(l)?
2, 3
Let a = 33 + -27. Suppose 2*y - t - 3 = 5, -5*y - t + a = 0. Let h(b) = 40*b + 9. List the prime factors of h(y).
89
Let h(i) = -13*i**2 - 6*i**2 + 6 - 9*i**2 - 5*i + 21*i**3 + 33*i**2. What are the prime factors of h(3)?
3, 67
Let z(u) = 17*u + 59. Let m be z(-4). Let t(p) = 5*p**2 + 13. List the prime factors of t(m).
2, 11, 19
Let t = 4 + -6. Let q(g) = 6*g - 9 + 7 + 27*g**2 - g - 9*g. What are the prime factors of q(t)?
2, 3, 19
Let r(m) = 594*m**3 - 4 + 7*m - 4*m**2 + 1186*m**3 - 578*m**3. List the prime factors of r(1).
1201
Let i = 2454 + -302. Suppose 30*b - 26*b = i. List the prime factors of b.
2, 269
Suppose z - 31 = -32, -5*v + 24 = z. Suppose v*l - s - 9 = 0, -3*s = 3*l - s - 8. What are the prime factors of l?
2
Let t(b) = -7*b - 63. Let z be t(-14). List the prime factors of z + 5*(-8)/20.
3, 11
Suppose w - 3033 = -p + 10156, -4*p = -3*w - 52721. List the prime factors of p.
2, 103
Let u(j) = -96*j - 131. Suppose 4*b + 2*k = -68, 70 = -5*b + 8*k - 3*k. List the prime factors of u(b).
5, 281
Suppose -7*c + 2*c = 2215. Let a = 885 + c. What are the prime factors of a?
2, 13, 17
Let j(s) = 6*s**3 - 4*s**2 + 4*s - 4. Suppose -4*f = -3*z - 199, 5*z - 367 = -5*f - 92. Let m = f - 49. What are the prime factors of j(m)?
2, 67
Suppose 5*i + 15 = 8*i. Suppose -4*d - 6*v = -11*v - 5489, 3*d = -i*v + 4073. What are the prime factors of d?
2, 683
Suppose -1358*f + 1360*f = -2*k + 28018, 5*f - 5*k = 70115. What are the prime factors of f?
2, 3, 73
Let r be 7/((-105)/(-2960)) - (-10)/6. Let u = -18 - 37. Let n = u + r. What are the prime factors of n?
2, 3
Suppose -j - 932 = -4*n + j, 0 = -n + j + 234. Let h = -188 + 303. Let f = n - h. What are the prime factors of f?
3, 13
Let a = -168 + 3830. What are the prime factors of a?
2, 1831
Let i be 166 - ((-48)/(-6))/(-2). Suppose 4*n - i = -3*y, 5*y - 4*n + 2*n - 292 = 0. List the prime factors of y.
2, 29
Suppose -22*y = -13*y - 12915. Suppose -2897 = -5*u + u + c, 2*u - 5*c = y. List the prime factors of u.
5, 29
Suppose -75*j + 401641 = -507509. What are the prime factors of j?
2, 11, 19, 29
Let g(c) = 32*c + 32. Let f be g(-8). Let a = f + 353. What are the prime factors of a?
3, 43
Let f = -7960 + 11633. Suppose 0 = -8*q + f - 9. What are the prime factors of q?
2, 229
Suppose -3*u - 47 = 5*d, -9 = -d + 3*u - 4. Let w be d + (1 + -4)/(-3). List the prime factors of (-12)/8 - 933/w.
2, 7, 11
Suppose 5*a - a - 36 = -5*g, -5*a = 5. Let z(x) = -40*x + 16. Let f be z(-8). Suppose g*l = -0*l + f. What are the prime factors of l?
2, 3, 7
Let w be (-10 + 11)*(2 + 1). Let r be 7 + (w - 2/1). Suppose -r*d = -11*d + 150. List the prime factors of d.
2, 5
Let c be (-2720)/48*(2 + (-45 - -1)). Let n = 3496 - c. What are the prime factors of n?
2, 3, 31
Let o(r) = 5*r**2 + 7*r - 4. Let i be o(-8). Let l(a) = -a**3 + 24*a**2 - 5*a - 62. Let n be l(23). Suppose i = 4*t - n. What are the prime factors of t?
3, 17
Suppose -36*t + 459207 + 202783 + 104306 = 0. List the prime factors of t.
2, 29, 367
Suppose 3*q = 3*l - 94 + 7, -3*q + 2*l = 82. List the prime factors of (-183 + -1)*18/q.
2, 3, 23
Let k(x) = x**2 + 38*x + 192. Let b be k(-32). Suppose b = 21*s + 2*s - 9338. List the prime factors of s.
2, 7, 29
Let u = 38350 + -14649. What are the prime factors of u?
137, 173
Let o = -66455 - -102141. What are the prime factors of o?
2, 7, 2549
What are the prime factors of 685/(-548)*(-75832)/10?
9479
Let y = -19870 + 34930. List the prime factors of y.
2, 3, 5, 251
Let i(q) = -7*q - 7. Let a(f) = f + 1. Let r(t) = -6*a(t) - i(t). Let l be r(-1). Suppose l*z = -2*z + 60. What are the prime factors of z?
2, 3, 5
List the prime factors of 7018 + 0 - (-6)/7*(-2912)/(-624).
2, 3511
Let v(u) = 149*u - 74*u + 5 - u**2 - 75*u. Let j be v(0). Suppose -158 = -j*w + 292. What are the prime factors of w?
2, 3, 5
Suppose -303*i - 8 = -304*i. Let o(q) = 109*q - 24. List the prime factors of o(i).
2, 53
Suppose -2*v + 4*